 = 4*o. Determine r(o).
10
Suppose 4*b - 4*s + 12 = 0, 0 = 3*b - 5*s + 20 - 5. Let f(j) = -50 + j**3 + 18*j**2 + 32 - 19*j**2. Give f(b).
-18
Let r be ((-3)/(-1))/(3/2). Let j(n) = 0*n**r + 3 - 2*n**2 - n + n**2. Suppose 24 = -3*p + 4*q, 5*p + 13 = 2*q - 13. What is j(p)?
-9
Let j(r) = 1 + 4*r**3 - r + r**2 - r + 0*r**2. Suppose d + 7 = 10. Suppose -11*h + d = -8*h. Determine j(h).
4
Suppose 7*m - 8 = 3*m. Suppose m*d = -2*d - w, 0 = -3*d + 4*w. Let k(o) = 3*o + 0*o**2 + 3*o**3 - 4*o**3 + o**2 - 4*o + 9. What is k(d)?
9
Suppose -4*s + 5*r = -1, -289*r + 285*r = -5*s - 1. Let y(n) = 5*n - 1. Calculate y(s).
-6
Let g = 465 - 459. Let n(j) be the second derivative of 0 + 1/3*j**3 - 5/2*j**2 - j. What is n(g)?
7
Suppose 3*i - 2*i = 0. Suppose 4*u + 0*u + 60 = i. Let v = u + 14. Let c(g) = g**3 - g**2 - 2*g - 1. Determine c(v).
-1
Let w(u) be the first derivative of -u**4/4 - 5*u**3/3 - u**2 - 167. Give w(-2).
-8
Let c be (-392)/(-168) + (-4)/3. Let h(o) = -7*o + 3. Let x(m) = -62*m + 26. Let r(s) = 52*h(s) - 6*x(s). Calculate r(c).
8
Let m(z) = -9*z**3 + 7*z**2 + 2*z + 6. Let a(p) = -p**3 + 2*p**2 + 1. Let o(c) = 5*a(c) - m(c). Calculate o(2).
39
Let f be -1*6/6 + 3. Suppose 4*d = 3*t + 8, t - 10 = -f*t - 5*d. Let q(z) = z + 5. Give q(t).
5
Let f(k) = 2*k**2 + 10*k - 3. Let l(p) = -5*p**2 - 30*p + 10. Let z(s) = -8*f(s) - 3*l(s). Determine z(4).
18
Let p(g) = -g**3 - 5*g**2 + 4. Let m(b) = b**3 + 12*b**2 - b - 9. Let c(y) = 3*m(y) + 7*p(y). Calculate c(1).
-5
Let b(a) = -a**2 - 4 + 15 - 10 + 0*a**2 - 4*a**3. Let u(y) be the second derivative of y**4/6 - y**3/3 + y**2/2 + 2*y. Let j be u(1). What is b(j)?
-4
Let b(p) = 45*p - 41*p + 3*p**2 - 4*p**2 - 4 + 0. Give b(6).
-16
Let m(q) = q + 12. Let p(g) = 2*g**3 - 25*g**2 - 12*g - 18. Let u be p(13). Give m(u).
7
Let c = -38 - -19. Let t = c - -18. Let y(l) = -l**2 + 1. What is y(t)?
0
Let i(x) = -1 + 0 - 1 + x - 6 - 8. Calculate i(11).
-5
Suppose -5*f + 5*h - 45 = 0, -f + 5*h + 0 = -7. Let s(c) = -c**2 - 14*c - 10. Calculate s(f).
3
Suppose -5*q = -o + 49 - 330, 5*o + 265 = 5*q. Let r = -57 + q. Let w(t) = t**2 - t + 4. Calculate w(r).
4
Let a(z) = -41*z + 4*z + 40*z + 6. Calculate a(-4).
-6
Let l(j) = 2*j - 1. Let b be -9 + (-12)/(-4) + (-2)/2. Determine l(b).
-15
Let i(o) be the third derivative of -o**4/12 + o**3/2 + 18*o**2 + o. Let r(h) = -h**2 + 8*h + 2. Let q be r(8). Determine i(q).
-1
Let u(a) = -a - 3. Let l(j) = -j**2 - j**2 - 19 + 0*j**2 + 35*j - 1. Let n be l(17). Give u(n).
0
Let y be 2/(-3) - ((-156)/18 - -4). Let i be (y/5)/(7/35). Let g(a) = 2*a + a + 4 + 1. Give g(i).
17
Let k(q) be the first derivative of q**3/3 + q**2/2 + 16*q + 24. Let l(d) = d**3 + 9*d**2 + 10*d + 16. Let n be l(-8). Determine k(n).
16
Let l(r) = -r + 17. Let a = 341 + -332. Give l(a).
8
Let k(f) be the second derivative of f**4/12 + f**3/6 + f**2 + 19*f. Suppose -6 = -7*t + 9*t. Calculate k(t).
8
Let i(x) = -17*x - 1. Let v(r) = r**3 + 4*r**2 + 13*r + 29. Let s be v(-3). Calculate i(s).
16
Suppose -r + 9*r - 32 = 0. Let h(q) = -29*q + 19*q - q**3 + 13*q - r. What is h(-3)?
14
Let o(y) = 2*y - 9. Let c(g) = 5*g - 20. Let w(p) = 4*c(p) - 9*o(p). What is w(-2)?
-3
Let o(b) = 2*b**2 + b - 1. Let m(p) = 2*p**2 - 61*p + 60. Let w be m(1). Calculate o(w).
2
Let b(k) = 79*k**2 - 11*k + 5. Let v be b(-4). Let g(a) = -1 + 3 - 3 + 17*a**2 - 1311*a + v*a. Let j be -1 - -3 - (-3)/(-3). Determine g(j).
18
Let p(l) = -8*l + 61 + 22*l - 8*l - 11*l. Let j be p(11). Let o(g) = -g + 6. What is o(j)?
0
Let w(u) = 2*u + 5. Suppose 0*x = 4*n - 3*x + 3, -4*n + 5*x - 5 = 0. Give w(n).
5
Let n(a) be the second derivative of a**4/12 - a**3/2 + a. Suppose 2*c + 168 = -2*c. Let f be (-22)/(-121) - c/11. Give n(f).
4
Let r(h) = h**2 + 12*h + 26. Let p = -1211 - -1203. Determine r(p).
-6
Let x(m) be the third derivative of m**6/40 - m**5/60 + 54*m**2 - 6. Let q = -2 + 4. Suppose -2*t = q*t - 4. Calculate x(t).
2
Let z(y) = -13*y**2 + 7*y. Let h(t) = 3*t**2 + 1. Let d(w) = 4*h(w) + z(w). Determine d(8).
-4
Let k(g) be the first derivative of g**5/60 - g**4/3 - g**3 - 9*g**2/2 + 5. Let d(t) be the second derivative of k(t). Determine d(8).
-6
Let u(j) = j**3 + 2*j**2. Let v be (-2)/3 - (-14)/(-6). Let y be 4*(-6 - -4 - v). Suppose -y*q - 3*s + 12 = 2*s, -4*q - s = 4. Give u(q).
0
Suppose 0 = 3*w - 6, -4 = -5*l - 4*w - 191. Let z = -16 - l. Suppose -3*s = 5*x - 31, -5*s + z = x + 8. Let o(c) = -c**3 + c**2 + c - 1. Calculate o(s).
-3
Let n(r) = -r**2 + 4. Suppose 5*p + 29 = o - 5*o, 5*o = 3*p + 10. What is n(p)?
-21
Let u(c) = 2*c - 20. Suppose -4 = q - 2*t, 2*t = 6*q - q - 20. What is u(q)?
-8
Suppose 3*m - 7 = -16. Let x(z) = 2*z**3 + 3*z**2 - 2*z - 3. Determine x(m).
-24
Suppose 43*o - 32*o = -44. Let p(v) = -v**3 - 6*v**2 - 2*v + 2. Determine p(o).
-22
Suppose -4*a + w + 11 = 0, -2*w - 9 + 2 = -3*a. Suppose 3*l = -5*t + 14, -a*t + l + 2*l = -18. Let j(v) = v**3 - 3*v**2 - 5*v + 2. Determine j(t).
-2
Let f(y) = -y**3 + 14*y**2 + y - 15. Let x be (-2*2/(-10))/(2/70). What is f(x)?
-1
Let m(w) = w**3 + 7*w**2 + 6*w - 2. Let q(n) = n**3 + 4*n**2 + 5*n + 14. Suppose k + 4*k - 7 = -2*d, -3*d - 21 = -3*k. Let o be q(d). Give m(o).
-2
Suppose 4*w - 12 = 7*w. Let t be 8*((-10)/w - 2). Let d(q) = 0*q + 0*q - 1 - 3*q - q + q**2. Calculate d(t).
-1
Let d(t) = -t - 1. Let s(b) = -b**2 - 2*b - 84. Let p be s(0). Let o = -90 - p. What is d(o)?
5
Let d(a) be the second derivative of -a**3 - a**2/2 + 3*a + 3. What is d(-5)?
29
Let z(y) = -4*y + 1. Let i = 95 - 93. Determine z(i).
-7
Suppose r = 3*g - 8, -6 = -5*g - 1. Let d(s) = -s**3 - 4*s**2 + 2*s - 11. Determine d(r).
4
Let a(p) be the third derivative of 0 - p**2 - 1/6*p**4 + 1/40*p**5 + 0*p + 1/2*p**3. Let i(b) be the first derivative of a(b). Give i(3).
5
Let c be 24/(-10) - 6/(-15). Let g(h) = h**2 + h + 1. Let l(n) = 3*n**2 - 7*n + 9. Let p(b) = c*g(b) + l(b). Give p(8).
-1
Let o be (3 - 1 - 4) + -4. Suppose -g = g - 4. Let w(p) = -2*p**g - 5 - 5*p + p**2 + 9. What is w(o)?
-2
Let l(t) be the first derivative of -t**3/3 - 7*t**2/2 + 6*t + 7. Give l(-8).
-2
Let w(t) be the third derivative of t**5/60 + 5*t**4/12 + 3*t**3/2 - 185*t**2. What is w(-9)?
0
Let s(m) = -2*m**2 + m - 7. Let w(j) = -j**2 - j - 4. Let b(k) = -6*s(k) + 11*w(k). Give b(17).
-2
Let p(m) = -m**2 - 9*m + 10. Let b(c) = -4*c**3 + 89*c**2 - 23*c + 12. Let g be b(22). Give p(g).
0
Let i(b) = b + 7. Let f be i(-4). Let a(g) = -2 - g**2 - 4*g + f - 4 - 2. What is a(-5)?
-10
Suppose 5*t - 35 = -2*b, 5*t + 6 = 3*b + 16. Suppose 70 = y + 68. Let x(a) = a - 10. Let c(n) = -n + 5. Let d(m) = t*c(m) + y*x(m). Calculate d(5).
-10
Let m(g) be the second derivative of -g**5/10 + g**4/3 - 2*g**3/3 + 3*g**2/2 - 10*g + 2. Calculate m(2).
-5
Let z = -350 - -336. Let w(c) = c**2 + 13*c - 11. Calculate w(z).
3
Let s(r) = -40*r - 1. Let h be 12/20 - -4*6/(-15). What is s(h)?
39
Suppose -35 = -2*u + 5*m, -3*u - u = 2*m - 130. Suppose -4*k = 2 + u. Let i(x) = -x**3 - 8*x**2 + 7. Give i(k).
7
Suppose -10 = -3*q - 1. Suppose q*d = -9 + 24. Let b(x) = x**3 - 2*x**2 + 8. Let g(n) = -n**3 + n**2 - 9. Let y(t) = 4*b(t) + 3*g(t). Calculate y(d).
5
Let v = 49 - 47. Let t(s) = -1 + 0*s - 3 + 0 + v*s. Calculate t(-6).
-16
Suppose 5*r - 13 - 12 = 0. Suppose -5 = -4*j + 3*j + f, -r*j - f = -25. Suppose l + 1 = j. Let u(n) = 2*n - 5. Calculate u(l).
3
Let k(o) be the second derivative of 17*o - 3/2*o**3 + 0 + 1/20*o**5 + 9/2*o**2 - 1/2*o**4. Give k(7).
-5
Let s(g) = -6*g + 21*g - 14*g + 11. Give s(-8).
3
Let o(r) = 0*r + 2*r - 2 - 2*r + r + 2*r**2. Let y be 2/(-9) - 5/((-180)/8). Suppose -4*w + y*g = 2*g + 16, -22 = 5*w + 3*g. Give o(w).
4
Let b = 62 + -59. Suppose 5*l = 4*q + 3*l - 26, b*l + 9 = q. Let k(v) be the third derivative of v**4/12 - 7*v**3/6 + v**2. Determine k(q).
5
Let n(d) = d**2 - 11*d + 26. Suppose x - 15 = -4. Let j be n(x). Let g = -28 + j. Let l(a) = -a**3 - 3*a**2 - 4*a - 2. Determine l(g).
2
Let i = -45 + 49. Suppose -i*x - 18 = -2*k + 7*k, -4*x + 12 = 0. Let n(q) = q**2 + 8*q + 8. Determine n(k).
-4
Let s(l) = l**3 + l**2 - 2*l + 1. Let g = 202 - 205. What is s(g)?
-11
Suppose 4*l + 5 = -15. Suppose 45 - 5 = -5*o. Let h(b) = -7*b**2 + b + 9. Let c(s) = 11*s**2 - s - 13. Let r(n) = l*c(n) + o*h(n). Calculate r(5).
3
Let u(q) be the third de